{"id":822,"date":"2022-08-19T04:13:56","date_gmt":"2022-08-19T04:13:56","guid":{"rendered":"https:\/\/kisskerteszetwebaruhaz.hu\/?post_type=product&#038;p=822"},"modified":"2025-03-24T09:21:41","modified_gmt":"2025-03-24T09:21:41","slug":"szomoru-eperfa-morus-alba-pendula","status":"publish","type":"product","link":"https:\/\/kisskerteszetwebaruhaz.hu\/?product=szomoru-eperfa-morus-alba-pendula","title":{"rendered":"Szomor\u00fa eperfa &#8211; &#8216;Morus alba Pendula&#8217;"},"content":{"rendered":"<p>A szomor\u00fa eperfa t\u00f6rzsre oltott, cs\u00fcng\u0151 \u00e1grendszer\u0171, k\u00f6zepes termet\u0171 d\u00edszfa. Lombhullat\u00f3. Kisebb termete miatt nem foglal sok helyet. Metsz\u00e9se javasolt, ezt kora tavaszra id\u0151z\u00edts\u00fck.<\/p>\n<p>Kont\u00e9neres kiszerel\u00e9sben kaphat\u00f3.<\/p>\n<p>A kont\u00e9neres n\u00f6v\u00e9nyek el\u0151nye, hogy az \u00e9v b\u00e1rmely szak\u00e1ban \u00fcltethetj\u00fck \u0151ket, kiv\u00e9ve a t\u00e9li fagyokat. Gy\u00f6k\u00e9rlabd\u00e1juk kisebb mint a f\u00f6ldlabd\u00e1s n\u00f6v\u00e9nyek\u00e9, \u00edgy sz\u00e1ll\u00edt\u00e1suk egyszer\u0171bb, biztons\u00e1gosabb. Fontos, hogy \u00fcltet\u00e9s ut\u00e1n, alaposan, \u00e9s rendszeresen \u00f6nt\u00f6zz\u00fck \u00faj n\u00f6v\u00e9ny\u00fcnket, mivel a gy\u00f6k\u00e9rzetnek id\u0151 sz\u00fcks\u00e9ges, hogy &#8216;r\u00f6gz\u00fclj\u00f6n&#8217; talajban, a kezdeti id\u0151szakban \u00f3vjuk, hogy ne sz\u00e1radjon ki. K\u00f6r\u00fclbel\u00fcl az els\u0151 \u00e9vben fontos, hogy figyelj\u00fcnk az \u00f6nt\u00f6z\u00e9sre. A n\u00f6v\u00e9nyek megh\u00e1l\u00e1lj\u00e1k gondoskod\u00e1s\u00e1t.<\/p>\n<p>A k\u00e9pen l\u00e1that\u00f3 n\u00f6v\u00e9nyek t\u00e1j\u00e9koztat\u00f3 jelleg\u0171ek. Amennyiben nem biztos abban, hogy n\u00e9z ki az adott n\u00f6v\u00e9ny, vagy szeretn\u00e9 l\u00e1tni a kiv\u00e1lasztott n\u00f6v\u00e9nyt jelenlegi \u00e1llapot\u00e1ban \u00edrjon nek\u00fcnk \u00e9s k\u00fcld\u00fcnk k\u00e9pet a n\u00f6v\u00e9nyr\u0151l.<\/p>\n<p><em>\u00a0<\/em><\/p>\n","protected":false},"excerpt":{"rendered":"<p><strong>N\u00f6veked\u00e9s, Alak: <\/strong>t\u00f6rzsre oltott, cs\u00fcng\u0151 \u00e1grendszer\u0171, lombhullat\u00f3 f\u00e1cska<\/p>\n<p><strong>Lev\u00e9l<\/strong>:\u00a0 f\u0171r\u00e9szes sz\u00e9l\u0171, f\u00e9nyes vil\u00e1gos z\u00f6ld, \u0151sszel s\u00e1rga<\/p>\n<p><strong>Vir\u00e1g<\/strong>: jelent\u00e9ktelen, m\u00e1jusban ny\u00edlik<\/p>\n<p><strong>Ig\u00e9ny<\/strong>: laza, norm\u00e1l kerti talaj, napos meleg hely, m\u00e9szkedvel\u0151, t\u00e9l\u00e1ll\u00f3, sz\u00e1razs\u00e1g \u00e9s v\u00e1rost\u0171r\u0151<\/p>\n<p>El\u00e9rhet\u0151: K10 literes kont\u00e9nerben, 150cm-en oltott t\u00f6rzsmagass\u00e1gban,<\/p>\n<p> <a class=\"more-link\" href=\"https:\/\/kisskerteszetwebaruhaz.hu\/?product=szomoru-eperfa-morus-alba-pendula\">B\u0151vebben<\/a><\/p>","protected":false},"featured_media":1027,"comment_status":"open","ping_status":"closed","template":"","meta":[],"product_brand":[],"product_cat":[21],"product_tag":[],"class_list":{"0":"post-822","1":"product","2":"type-product","3":"status-publish","4":"has-post-thumbnail","6":"product_cat-fak","8":"first","9":"instock","10":"shipping-taxable","11":"purchasable","12":"product-type-simple"},"_links":{"self":[{"href":"https:\/\/kisskerteszetwebaruhaz.hu\/index.php?rest_route=\/wp\/v2\/product\/822","targetHints":{"allow":["GET"]}}],"collection":[{"href":"https:\/\/kisskerteszetwebaruhaz.hu\/index.php?rest_route=\/wp\/v2\/product"}],"about":[{"href":"https:\/\/kisskerteszetwebaruhaz.hu\/index.php?rest_route=\/wp\/v2\/types\/product"}],"replies":[{"embeddable":true,"href":"https:\/\/kisskerteszetwebaruhaz.hu\/index.php?rest_route=%2Fwp%2Fv2%2Fcomments&post=822"}],"wp:featuredmedia":[{"embeddable":true,"href":"https:\/\/kisskerteszetwebaruhaz.hu\/index.php?rest_route=\/wp\/v2\/media\/1027"}],"wp:attachment":[{"href":"https:\/\/kisskerteszetwebaruhaz.hu\/index.php?rest_route=%2Fwp%2Fv2%2Fmedia&parent=822"}],"wp:term":[{"taxonomy":"product_brand","embeddable":true,"href":"https:\/\/kisskerteszetwebaruhaz.hu\/index.php?rest_route=%2Fwp%2Fv2%2Fproduct_brand&post=822"},{"taxonomy":"product_cat","embeddable":true,"href":"https:\/\/kisskerteszetwebaruhaz.hu\/index.php?rest_route=%2Fwp%2Fv2%2Fproduct_cat&post=822"},{"taxonomy":"product_tag","embeddable":true,"href":"https:\/\/kisskerteszetwebaruhaz.hu\/index.php?rest_route=%2Fwp%2Fv2%2Fproduct_tag&post=822"}],"curies":[{"name":"wp","href":"https:\/\/api.w.org\/{rel}","templated":true}]}}