{"id":793,"date":"2022-08-17T12:18:29","date_gmt":"2022-08-17T12:18:29","guid":{"rendered":"https:\/\/kisskerteszetwebaruhaz.hu\/?post_type=product&#038;p=793"},"modified":"2025-08-09T10:53:35","modified_gmt":"2025-08-09T10:53:35","slug":"torzses-gomb-cupressocyparis-leylandii","status":"publish","type":"product","link":"https:\/\/kisskerteszetwebaruhaz.hu\/?product=torzses-gomb-cupressocyparis-leylandii","title":{"rendered":"T\u00f6rzses g\u00f6mb &#8211; &#8216;CUPRESSOCYPARIS Leylandii Castlewellan Gold&#8217;"},"content":{"rendered":"<p>Kont\u00e9neres kiszerel\u00e9sben kaphat\u00f3.<\/p>\n<p>A k\u00e9pen l\u00e1that\u00f3 n\u00f6v\u00e9nyek t\u00e1j\u00e9koztat\u00f3 jelleg\u0171ek. Amennyiben nem biztos abban, hogy n\u00e9z ki az adott n\u00f6v\u00e9ny, vagy szeretn\u00e9 l\u00e1tni a kiv\u00e1lasztott n\u00f6v\u00e9nyt jelenlegi \u00e1llapot\u00e1ban \u00edrjon nek\u00fcnk \u00e9s k\u00fcld\u00fcnk k\u00e9pet a n\u00f6v\u00e9nyr\u0151l.<\/p>\n<p><em>\u00a0<\/em><\/p>\n","protected":false},"excerpt":{"rendered":"<p>T\u00f6rzses, g\u00f6mb alak\u00fa f\u00e1cska, alak\u00edt\u00e1st j\u00f3l t\u0171r\u0151 forman\u00f6v\u00e9ny,\u00f6r\u00f6kz\u00f6ld. \u00c9vente legal\u00e1bb 2 alkalommal sz\u00fcks\u00e9ges metszeni, form\u00e1zni.<\/p>\n<p>D\u00e9zs\u00e1s n\u00f6v\u00e9nyk\u00e9nt is nevelhetj\u00fck, valamit ki is \u00fcltethetj\u00fck.<\/p>\n<p>&nbsp;<\/p>\n<h1 class=\"page-head-title product-page-head-title position-relative\"><span class=\"product-page-product-name\">\u00a0<\/span><\/h1>\n<p> <a class=\"more-link\" href=\"https:\/\/kisskerteszetwebaruhaz.hu\/?product=torzses-gomb-cupressocyparis-leylandii\">B\u0151vebben<\/a><\/p>","protected":false},"featured_media":1504,"comment_status":"open","ping_status":"closed","template":"","meta":[],"product_brand":[],"product_cat":[15,22],"product_tag":[],"class_list":{"0":"post-793","1":"product","2":"type-product","3":"status-publish","4":"has-post-thumbnail","6":"product_cat-akcio","7":"product_cat-formanovenyek","9":"first","10":"instock","11":"sale","12":"shipping-taxable","13":"purchasable","14":"product-type-simple"},"_links":{"self":[{"href":"https:\/\/kisskerteszetwebaruhaz.hu\/index.php?rest_route=\/wp\/v2\/product\/793","targetHints":{"allow":["GET"]}}],"collection":[{"href":"https:\/\/kisskerteszetwebaruhaz.hu\/index.php?rest_route=\/wp\/v2\/product"}],"about":[{"href":"https:\/\/kisskerteszetwebaruhaz.hu\/index.php?rest_route=\/wp\/v2\/types\/product"}],"replies":[{"embeddable":true,"href":"https:\/\/kisskerteszetwebaruhaz.hu\/index.php?rest_route=%2Fwp%2Fv2%2Fcomments&post=793"}],"wp:featuredmedia":[{"embeddable":true,"href":"https:\/\/kisskerteszetwebaruhaz.hu\/index.php?rest_route=\/wp\/v2\/media\/1504"}],"wp:attachment":[{"href":"https:\/\/kisskerteszetwebaruhaz.hu\/index.php?rest_route=%2Fwp%2Fv2%2Fmedia&parent=793"}],"wp:term":[{"taxonomy":"product_brand","embeddable":true,"href":"https:\/\/kisskerteszetwebaruhaz.hu\/index.php?rest_route=%2Fwp%2Fv2%2Fproduct_brand&post=793"},{"taxonomy":"product_cat","embeddable":true,"href":"https:\/\/kisskerteszetwebaruhaz.hu\/index.php?rest_route=%2Fwp%2Fv2%2Fproduct_cat&post=793"},{"taxonomy":"product_tag","embeddable":true,"href":"https:\/\/kisskerteszetwebaruhaz.hu\/index.php?rest_route=%2Fwp%2Fv2%2Fproduct_tag&post=793"}],"curies":[{"name":"wp","href":"https:\/\/api.w.org\/{rel}","templated":true}]}}