{"id":791,"date":"2022-08-17T11:43:57","date_gmt":"2022-08-17T11:43:57","guid":{"rendered":"https:\/\/kisskerteszetwebaruhaz.hu\/?post_type=product&#038;p=791"},"modified":"2025-08-28T07:15:19","modified_gmt":"2025-08-28T07:15:19","slug":"europai-olajfa-olea-europea","status":"publish","type":"product","link":"https:\/\/kisskerteszetwebaruhaz.hu\/?product=europai-olajfa-olea-europea","title":{"rendered":"Eur\u00f3pai olajfa &#8211; &#8216;Olea europea&#8217; K7,5"},"content":{"rendered":"<p>Kont\u00e9neres kiszerel\u00e9sben kaphat\u00f3.<\/p>\n<p>A k\u00e9pen l\u00e1that\u00f3 n\u00f6v\u00e9nyek t\u00e1j\u00e9koztat\u00f3 jelleg\u0171ek. Amennyiben nem biztos abban, hogy n\u00e9z ki az adott n\u00f6v\u00e9ny, vagy szeretn\u00e9 l\u00e1tni a kiv\u00e1lasztott n\u00f6v\u00e9nyt jelenlegi \u00e1llapot\u00e1ban \u00edrjon nek\u00fcnk \u00e9s k\u00fcld\u00fcnk k\u00e9pet a n\u00f6v\u00e9nyr\u0151l.<\/p>\n<p><em>\u00a0<\/em><\/p>\n","protected":false},"excerpt":{"rendered":"<p>Mediterr\u00e1n ter\u00fcletek jellemz\u0151 n\u00f6v\u00e9nye. \u00d6r\u00f6kz\u00f6ld fa, mely k\u00e9s\u0151 tavasszal hozza vir\u00e1gait. Term\u00e9se ehet\u0151-olajbogy\u00f3. Kiv\u00e1l\u00f3 d\u00e9zs\u00e1s n\u00f6v\u00e9ny. Ki is \u00fcltethetj\u00fck. D\u00e9zs\u00e1s n\u00f6v\u00e9nyk\u00e9nt teleltetni kell, a ki\u00fcltetett n\u00f6v\u00e9nyt is \u00f3vni kell az er\u0151sebb fagyokt\u00f3l.(-15 fokig elviseli a hideget)\u00a0 Magas kort meg\u00e9r\u0151 fa. Levelei ez\u00fcst\u00f6s-z\u00f6ld sz\u00edn\u0171ek.<\/p>\n<p>Napos helyre helyezz\u00fck.<\/p>\n<p>T\u00f6rzses olajfa, t\u00f6rzsmagass\u00e1g: 40 cm<\/p>\n<p>K7,5\u00a0 literes kont\u00e9nerben<\/p>\n<p> <a class=\"more-link\" href=\"https:\/\/kisskerteszetwebaruhaz.hu\/?product=europai-olajfa-olea-europea\">B\u0151vebben<\/a><\/p>","protected":false},"featured_media":966,"comment_status":"open","ping_status":"closed","template":"","meta":[],"product_brand":[],"product_cat":[23],"product_tag":[],"class_list":{"0":"post-791","1":"product","2":"type-product","3":"status-publish","4":"has-post-thumbnail","6":"product_cat-mediterran-novenyek","8":"first","9":"instock","10":"shipping-taxable","11":"purchasable","12":"product-type-simple"},"_links":{"self":[{"href":"https:\/\/kisskerteszetwebaruhaz.hu\/index.php?rest_route=\/wp\/v2\/product\/791","targetHints":{"allow":["GET"]}}],"collection":[{"href":"https:\/\/kisskerteszetwebaruhaz.hu\/index.php?rest_route=\/wp\/v2\/product"}],"about":[{"href":"https:\/\/kisskerteszetwebaruhaz.hu\/index.php?rest_route=\/wp\/v2\/types\/product"}],"replies":[{"embeddable":true,"href":"https:\/\/kisskerteszetwebaruhaz.hu\/index.php?rest_route=%2Fwp%2Fv2%2Fcomments&post=791"}],"wp:featuredmedia":[{"embeddable":true,"href":"https:\/\/kisskerteszetwebaruhaz.hu\/index.php?rest_route=\/wp\/v2\/media\/966"}],"wp:attachment":[{"href":"https:\/\/kisskerteszetwebaruhaz.hu\/index.php?rest_route=%2Fwp%2Fv2%2Fmedia&parent=791"}],"wp:term":[{"taxonomy":"product_brand","embeddable":true,"href":"https:\/\/kisskerteszetwebaruhaz.hu\/index.php?rest_route=%2Fwp%2Fv2%2Fproduct_brand&post=791"},{"taxonomy":"product_cat","embeddable":true,"href":"https:\/\/kisskerteszetwebaruhaz.hu\/index.php?rest_route=%2Fwp%2Fv2%2Fproduct_cat&post=791"},{"taxonomy":"product_tag","embeddable":true,"href":"https:\/\/kisskerteszetwebaruhaz.hu\/index.php?rest_route=%2Fwp%2Fv2%2Fproduct_tag&post=791"}],"curies":[{"name":"wp","href":"https:\/\/api.w.org\/{rel}","templated":true}]}}