{"id":642,"date":"2022-07-17T13:20:41","date_gmt":"2022-07-17T13:20:41","guid":{"rendered":"https:\/\/kisskerteszetwebaruhaz.hu\/?post_type=product&#038;p=642"},"modified":"2025-07-14T08:27:41","modified_gmt":"2025-07-14T08:27:41","slug":"verszilva-prunus-cerasifera-woodii","status":"publish","type":"product","link":"https:\/\/kisskerteszetwebaruhaz.hu\/?product=verszilva-prunus-cerasifera-woodii","title":{"rendered":"V\u00e9rszilva &#8211; Prunus cerasifera &#8222;Woodii&#8221;K10"},"content":{"rendered":"<p>A &#8222;Woodii&#8221; &#8211; v\u00e9rszilva tereb\u00e9lyes, s\u0171r\u0171 \u00e1grendszer\u0171, 5-8 m magas, 3-4 m sz\u00e9les, g\u00f6mb lombkoron\u00e1j\u00fa, lombhullat\u00f3 fa. Levele s\u00f6t\u00e9t bord\u00f3, lombhull\u00e1sig tartja a sz\u00edn\u00e9t. Vir\u00e1ga r\u00f3zsasz\u00edn, mely \u00e1prilisba ny\u00edlik, de f\u0151 d\u00edsz\u00edt\u0151je a levele. Term\u00e9se 2-3 cm-es, g\u00f6mb\u00f6ly\u0171, s\u00f6t\u00e9tv\u00f6r\u00f6s, ehet\u0151 szilva. T\u0171r\u0151k\u00e9pess\u00e9ge rendk\u00edv\u00fcli, er\u0151s. A savast\u00f3l a l\u00fagos talajig mindent elvisel, persze kedveli a term\u00e9keny, nedves talajokat is. A f\u00e9l\u00e1rny\u00e9kot j\u00f3l t\u0171re, de csak teljes napf\u00e9nyben marad meg s\u00f6t\u00e9tv\u00f6r\u00f6s lombsz\u00edne. Fagyt\u0171r\u0151.<\/p>\n<p>K\u00fcl\u00f6n\u00f6sebb gondoz\u00e1si ig\u00e9nye nincsen, fiatal korban koronaalak\u00edt\u00e1sban r\u00e9szes\u00fclhet, k\u00e9s\u0151bb m\u00e1r nem ig\u00e9nyel metsz\u00e9st. A koronaalak\u00edt\u00e1s idej\u00e9t elvir\u00e1gz\u00e1s ut\u00e1n javasolt id\u0151z\u00edteni.<\/p>\n<p>A k\u00e9pen l\u00e1that\u00f3 n\u00f6v\u00e9nyek t\u00e1j\u00e9koztat\u00f3 jelleg\u0171ek. Amennyiben nem biztos abban, hogy n\u00e9z ki az adott n\u00f6v\u00e9ny, vagy szeretn\u00e9 l\u00e1tni a kiv\u00e1lasztott n\u00f6v\u00e9nyt jelenlegi \u00e1llapot\u00e1ban \u00edrjon nek\u00fcnk \u00e9s k\u00fcld\u00fcnk k\u00e9pet a n\u00f6v\u00e9nyr\u0151l.<\/p>\n<p><em>\u00a0<\/em><\/p>\n","protected":false},"excerpt":{"rendered":"<p><strong>N\u00f6veked\u00e9s, Alak:<\/strong>\u00a0 5-8 m magas, 3-5 m sz\u00e9les, kerekded koron\u00e1j\u00fa, lomhullat\u00f3 fa<\/p>\n<p><strong>Lev\u00e9l<\/strong>: elliptikus, kihajt\u00e1st\u00f3l majdnem lombhull\u00e1sig feket\u00e9s-piros<\/p>\n<p><strong>Vir\u00e1g:<\/strong> r\u00f3zsasz\u00edn, egyszer\u0171, \u00e1prilisban t\u00f6megesen ny\u00edlik<\/p>\n<p><strong>Term\u00e9s:<\/strong> s\u00f6t\u00e9tv\u00f6r\u00f6s, 2-3 cm \u00e1tm\u00e9r\u0151j\u0171, \u00e9desk\u00e9s \u00edz\u0171 szilva<\/p>\n<p><strong>Ig\u00e9ny:<\/strong> norm\u00e1l talaj, napos hely, t\u00e9l\u00e1ll\u00f3, j\u00f3 v\u00e1rost\u0171r\u0151<\/p>\n<p><strong>Felhaszn\u00e1l\u00e1s:<\/strong> utcafrontra, sorf\u00e1nak, csoportosan, sz\u00ednes lomb\u00fa f\u00e1k k\u00f6z\u00e9<\/p>\n<p><strong>El\u00e9rhet\u0151:<\/strong> K10 literes kont\u00e9nerben, magass\u00e1ga: 220 cm +<\/p>\n<p><img decoding=\"async\" class=\"alignnone wp-image-594\" src=\"https:\/\/kisskerteszetwebaruhaz.hu\/wp-content\/uploads\/2022\/07\/hideg-turo-copy.jpg\" alt=\"\" width=\"85\" height=\"85\" srcset=\"https:\/\/kisskerteszetwebaruhaz.hu\/wp-content\/uploads\/2022\/07\/hideg-turo-copy.jpg 300w, https:\/\/kisskerteszetwebaruhaz.hu\/wp-content\/uploads\/2022\/07\/hideg-turo-copy-100x100.jpg 100w, https:\/\/kisskerteszetwebaruhaz.hu\/wp-content\/uploads\/2022\/07\/hideg-turo-copy-150x150.jpg 150w\" sizes=\"(max-width: 85px) 100vw, 85px\" \/><img decoding=\"async\" class=\"alignnone wp-image-593\" src=\"https:\/\/kisskerteszetwebaruhaz.hu\/wp-content\/uploads\/2022\/07\/fagyturo-copy.jpg\" alt=\"\" width=\"85\" height=\"85\" srcset=\"https:\/\/kisskerteszetwebaruhaz.hu\/wp-content\/uploads\/2022\/07\/fagyturo-copy.jpg 300w, https:\/\/kisskerteszetwebaruhaz.hu\/wp-content\/uploads\/2022\/07\/fagyturo-copy-100x100.jpg 100w, https:\/\/kisskerteszetwebaruhaz.hu\/wp-content\/uploads\/2022\/07\/fagyturo-copy-150x150.jpg 150w\" sizes=\"(max-width: 85px) 100vw, 85px\" \/><img decoding=\"async\" class=\"alignnone wp-image-590\" src=\"https:\/\/kisskerteszetwebaruhaz.hu\/wp-content\/uploads\/2022\/07\/ultetes-napos-helyre-copy.jpg\" alt=\"\" width=\"84\" height=\"84\" srcset=\"https:\/\/kisskerteszetwebaruhaz.hu\/wp-content\/uploads\/2022\/07\/ultetes-napos-helyre-copy.jpg 300w, https:\/\/kisskerteszetwebaruhaz.hu\/wp-content\/uploads\/2022\/07\/ultetes-napos-helyre-copy-100x100.jpg 100w, https:\/\/kisskerteszetwebaruhaz.hu\/wp-content\/uploads\/2022\/07\/ultetes-napos-helyre-copy-150x150.jpg 150w\" sizes=\"(max-width: 84px) 100vw, 84px\" \/><img loading=\"lazy\" decoding=\"async\" class=\"alignnone wp-image-591\" src=\"https:\/\/kisskerteszetwebaruhaz.hu\/wp-content\/uploads\/2022\/07\/viragzas-ideje-copy.jpg\" alt=\"\" width=\"85\" height=\"85\" srcset=\"https:\/\/kisskerteszetwebaruhaz.hu\/wp-content\/uploads\/2022\/07\/viragzas-ideje-copy.jpg 300w, https:\/\/kisskerteszetwebaruhaz.hu\/wp-content\/uploads\/2022\/07\/viragzas-ideje-copy-100x100.jpg 100w, https:\/\/kisskerteszetwebaruhaz.hu\/wp-content\/uploads\/2022\/07\/viragzas-ideje-copy-150x150.jpg 150w\" sizes=\"(max-width: 85px) 100vw, 85px\" \/><\/p>\n<p> <a class=\"more-link\" href=\"https:\/\/kisskerteszetwebaruhaz.hu\/?product=verszilva-prunus-cerasifera-woodii\">B\u0151vebben<\/a><\/p>","protected":false},"featured_media":871,"comment_status":"open","ping_status":"closed","template":"","meta":[],"product_brand":[],"product_cat":[21],"product_tag":[],"class_list":{"0":"post-642","1":"product","2":"type-product","3":"status-publish","4":"has-post-thumbnail","6":"product_cat-fak","8":"first","9":"instock","10":"shipping-taxable","11":"purchasable","12":"product-type-simple"},"_links":{"self":[{"href":"https:\/\/kisskerteszetwebaruhaz.hu\/index.php?rest_route=\/wp\/v2\/product\/642","targetHints":{"allow":["GET"]}}],"collection":[{"href":"https:\/\/kisskerteszetwebaruhaz.hu\/index.php?rest_route=\/wp\/v2\/product"}],"about":[{"href":"https:\/\/kisskerteszetwebaruhaz.hu\/index.php?rest_route=\/wp\/v2\/types\/product"}],"replies":[{"embeddable":true,"href":"https:\/\/kisskerteszetwebaruhaz.hu\/index.php?rest_route=%2Fwp%2Fv2%2Fcomments&post=642"}],"wp:featuredmedia":[{"embeddable":true,"href":"https:\/\/kisskerteszetwebaruhaz.hu\/index.php?rest_route=\/wp\/v2\/media\/871"}],"wp:attachment":[{"href":"https:\/\/kisskerteszetwebaruhaz.hu\/index.php?rest_route=%2Fwp%2Fv2%2Fmedia&parent=642"}],"wp:term":[{"taxonomy":"product_brand","embeddable":true,"href":"https:\/\/kisskerteszetwebaruhaz.hu\/index.php?rest_route=%2Fwp%2Fv2%2Fproduct_brand&post=642"},{"taxonomy":"product_cat","embeddable":true,"href":"https:\/\/kisskerteszetwebaruhaz.hu\/index.php?rest_route=%2Fwp%2Fv2%2Fproduct_cat&post=642"},{"taxonomy":"product_tag","embeddable":true,"href":"https:\/\/kisskerteszetwebaruhaz.hu\/index.php?rest_route=%2Fwp%2Fv2%2Fproduct_tag&post=642"}],"curies":[{"name":"wp","href":"https:\/\/api.w.org\/{rel}","templated":true}]}}