{"id":4188,"date":"2025-04-15T10:43:11","date_gmt":"2025-04-15T10:43:11","guid":{"rendered":"https:\/\/kisskerteszetwebaruhaz.hu\/?post_type=product&#038;p=4188"},"modified":"2026-04-13T08:54:05","modified_gmt":"2026-04-13T08:54:05","slug":"kinai-selyemmirtusz-lagerstroemia-indica-rosea","status":"publish","type":"product","link":"https:\/\/kisskerteszetwebaruhaz.hu\/?product=kinai-selyemmirtusz-lagerstroemia-indica-rosea","title":{"rendered":"K\u00ednai selyemmirtusz &#8211; Lagerstroemia indica &#8216;Rosea&#8217;"},"content":{"rendered":"<p>A k\u00ednai selyemmirtusz egy mediterr\u00e1n hangulat\u00fa, lombhullat\u00f3 cserje, vagy f\u00e1cska. T\u00e9l\u00e1ll\u00f3, de v\u00e9dett helyre \u00fcltess\u00fck, \u00e9s a sz\u00e9ls\u0151s\u00e9gesen hideg teleken javasolt a t\u00f6v\u00e9t takarni.<\/p>\n<p>Rojtos sz\u00edn\u0171 vir\u00e1gai sokf\u00e9le sz\u00ednben el\u00e9rhet\u0151k. A ny\u00e1r m\u00e1sodik fel\u00e9t\u0151l folyamatosan ny\u00edlnak vir\u00e1gai.<\/p>\n<p>Szereti a napos meleg helyeket, vir\u00e1gz\u00e1skor fontos a folyamatos v\u00edzell\u00e1t\u00e1s.<\/p>\n<p>Savany\u00fa, laza szerkezet\u0171 talajba \u00fcltess\u00fck.<\/p>\n<p>Kont\u00e9neres kiszerel\u00e9sben el\u00e9rhet\u0151.<\/p>\n<p>&nbsp;<\/p>\n","protected":false},"excerpt":{"rendered":"<p>&nbsp;<\/p>\n<p><strong>N\u00f6veked\u00e9s, alak<\/strong>: 1-2 m magasra n\u00f6v\u0151, mediterr\u00e1n hangulat\u00fa n\u00f6v\u00e9ny, lombhullat\u00f3<\/p>\n<p><strong>Lev\u00e9l<\/strong>: s\u00f6t\u00e9tz\u00f6ld, v\u00f6r\u00f6ssel sz\u00ednez\u0151d\u0151 levele van<\/p>\n<p><strong>Vir\u00e1g<\/strong>: r\u00f3zsasz\u00edn\u0171, szirmai rojtosak, eg\u00e9sz ny\u00e1ron vir\u00e1gzik<\/p>\n<p><strong>Ig\u00e9ny<\/strong>: napf\u00e9ny \u00e9s meleg kedvel\u0151, savany\u00fa talajba \u00fcltess\u00fck, t\u00e9len takar\u00e1st ig\u00e9nyel a n\u00f6v\u00e9ny t\u00f6ve<\/p>\n<p><strong>El\u00e9rhet\u0151<\/strong>: K3 literes kont\u00e9nerben,90\/110 cm magass\u00e1gban el\u00e9rhet\u0151<\/p>\n<p><img decoding=\"async\" class=\"alignnone wp-image-596\" src=\"https:\/\/kisskerteszetwebaruhaz.hu\/wp-content\/uploads\/2022\/07\/meleg-kedvelo-copy.jpg\" alt=\"\" width=\"100\" height=\"100\" srcset=\"https:\/\/kisskerteszetwebaruhaz.hu\/wp-content\/uploads\/2022\/07\/meleg-kedvelo-copy.jpg 300w, https:\/\/kisskerteszetwebaruhaz.hu\/wp-content\/uploads\/2022\/07\/meleg-kedvelo-copy-100x100.jpg 100w, https:\/\/kisskerteszetwebaruhaz.hu\/wp-content\/uploads\/2022\/07\/meleg-kedvelo-copy-150x150.jpg 150w\" sizes=\"(max-width: 100px) 100vw, 100px\" \/><img decoding=\"async\" class=\"alignnone wp-image-590\" src=\"https:\/\/kisskerteszetwebaruhaz.hu\/wp-content\/uploads\/2022\/07\/ultetes-napos-helyre-copy.jpg\" alt=\"\" width=\"100\" height=\"100\" srcset=\"https:\/\/kisskerteszetwebaruhaz.hu\/wp-content\/uploads\/2022\/07\/ultetes-napos-helyre-copy.jpg 300w, https:\/\/kisskerteszetwebaruhaz.hu\/wp-content\/uploads\/2022\/07\/ultetes-napos-helyre-copy-100x100.jpg 100w, https:\/\/kisskerteszetwebaruhaz.hu\/wp-content\/uploads\/2022\/07\/ultetes-napos-helyre-copy-150x150.jpg 150w\" sizes=\"(max-width: 100px) 100vw, 100px\" \/><img decoding=\"async\" class=\"alignnone wp-image-591\" src=\"https:\/\/kisskerteszetwebaruhaz.hu\/wp-content\/uploads\/2022\/07\/viragzas-ideje-copy.jpg\" alt=\"\" width=\"100\" height=\"100\" srcset=\"https:\/\/kisskerteszetwebaruhaz.hu\/wp-content\/uploads\/2022\/07\/viragzas-ideje-copy.jpg 300w, https:\/\/kisskerteszetwebaruhaz.hu\/wp-content\/uploads\/2022\/07\/viragzas-ideje-copy-100x100.jpg 100w, https:\/\/kisskerteszetwebaruhaz.hu\/wp-content\/uploads\/2022\/07\/viragzas-ideje-copy-150x150.jpg 150w\" sizes=\"(max-width: 100px) 100vw, 100px\" \/><\/p>\n<p> <a class=\"more-link\" href=\"https:\/\/kisskerteszetwebaruhaz.hu\/?product=kinai-selyemmirtusz-lagerstroemia-indica-rosea\">B\u0151vebben<\/a><\/p>","protected":false},"featured_media":4193,"comment_status":"open","ping_status":"closed","template":"","meta":[],"product_brand":[],"product_cat":[38],"product_tag":[],"class_list":{"0":"post-4188","1":"product","2":"type-product","3":"status-publish","4":"has-post-thumbnail","6":"product_cat-cserjek","8":"first","9":"instock","10":"shipping-taxable","11":"purchasable","12":"product-type-simple"},"_links":{"self":[{"href":"https:\/\/kisskerteszetwebaruhaz.hu\/index.php?rest_route=\/wp\/v2\/product\/4188","targetHints":{"allow":["GET"]}}],"collection":[{"href":"https:\/\/kisskerteszetwebaruhaz.hu\/index.php?rest_route=\/wp\/v2\/product"}],"about":[{"href":"https:\/\/kisskerteszetwebaruhaz.hu\/index.php?rest_route=\/wp\/v2\/types\/product"}],"replies":[{"embeddable":true,"href":"https:\/\/kisskerteszetwebaruhaz.hu\/index.php?rest_route=%2Fwp%2Fv2%2Fcomments&post=4188"}],"wp:featuredmedia":[{"embeddable":true,"href":"https:\/\/kisskerteszetwebaruhaz.hu\/index.php?rest_route=\/wp\/v2\/media\/4193"}],"wp:attachment":[{"href":"https:\/\/kisskerteszetwebaruhaz.hu\/index.php?rest_route=%2Fwp%2Fv2%2Fmedia&parent=4188"}],"wp:term":[{"taxonomy":"product_brand","embeddable":true,"href":"https:\/\/kisskerteszetwebaruhaz.hu\/index.php?rest_route=%2Fwp%2Fv2%2Fproduct_brand&post=4188"},{"taxonomy":"product_cat","embeddable":true,"href":"https:\/\/kisskerteszetwebaruhaz.hu\/index.php?rest_route=%2Fwp%2Fv2%2Fproduct_cat&post=4188"},{"taxonomy":"product_tag","embeddable":true,"href":"https:\/\/kisskerteszetwebaruhaz.hu\/index.php?rest_route=%2Fwp%2Fv2%2Fproduct_tag&post=4188"}],"curies":[{"name":"wp","href":"https:\/\/api.w.org\/{rel}","templated":true}]}}