{"id":3933,"date":"2025-03-09T21:31:47","date_gmt":"2025-03-09T21:31:47","guid":{"rendered":"https:\/\/kisskerteszetwebaruhaz.hu\/?post_type=product&#038;p=3933"},"modified":"2026-04-19T14:41:27","modified_gmt":"2026-04-19T14:41:27","slug":"cupres-arizonica-pom-pom-k9","status":"publish","type":"product","link":"https:\/\/kisskerteszetwebaruhaz.hu\/?product=cupres-arizonica-pom-pom-k9","title":{"rendered":"Cupressus arizonica Pom-Pom K9"},"content":{"rendered":"","protected":false},"excerpt":{"rendered":"<p>K\u00e9kes-sz\u00fcrk\u00e9s sz\u00edn\u0171, \u00f6r\u00f6kz\u00f6ld forman\u00f6v\u00e9ny.<\/p>\n<p>A ny\u00edr\u00e1st j\u00f3l t\u0171ri, \u00e9vente 2-3 alkalommal sz\u00fcks\u00e9ges form\u00e1ra igaz\u00edtani.<\/p>\n<p>Sz\u00e1razs\u00e1gt\u0171r\u0151.<\/p>\n<p>D\u00e9zs\u00e1s n\u00f6v\u00e9nyk\u00e9nt is nevelhetj\u00fck, valamint ki is \u00fcltethetj\u00fck.<\/p>\n<p> <a class=\"more-link\" href=\"https:\/\/kisskerteszetwebaruhaz.hu\/?product=cupres-arizonica-pom-pom-k9\">B\u0151vebben<\/a><\/p>","protected":false},"featured_media":5252,"comment_status":"open","ping_status":"closed","template":"","meta":[],"product_brand":[],"product_cat":[22,20],"product_tag":[],"class_list":{"0":"post-3933","1":"product","2":"type-product","3":"status-publish","4":"has-post-thumbnail","6":"product_cat-formanovenyek","7":"product_cat-orokzoldek","9":"first","10":"instock","11":"shipping-taxable","12":"purchasable","13":"product-type-simple"},"_links":{"self":[{"href":"https:\/\/kisskerteszetwebaruhaz.hu\/index.php?rest_route=\/wp\/v2\/product\/3933","targetHints":{"allow":["GET"]}}],"collection":[{"href":"https:\/\/kisskerteszetwebaruhaz.hu\/index.php?rest_route=\/wp\/v2\/product"}],"about":[{"href":"https:\/\/kisskerteszetwebaruhaz.hu\/index.php?rest_route=\/wp\/v2\/types\/product"}],"replies":[{"embeddable":true,"href":"https:\/\/kisskerteszetwebaruhaz.hu\/index.php?rest_route=%2Fwp%2Fv2%2Fcomments&post=3933"}],"wp:featuredmedia":[{"embeddable":true,"href":"https:\/\/kisskerteszetwebaruhaz.hu\/index.php?rest_route=\/wp\/v2\/media\/5252"}],"wp:attachment":[{"href":"https:\/\/kisskerteszetwebaruhaz.hu\/index.php?rest_route=%2Fwp%2Fv2%2Fmedia&parent=3933"}],"wp:term":[{"taxonomy":"product_brand","embeddable":true,"href":"https:\/\/kisskerteszetwebaruhaz.hu\/index.php?rest_route=%2Fwp%2Fv2%2Fproduct_brand&post=3933"},{"taxonomy":"product_cat","embeddable":true,"href":"https:\/\/kisskerteszetwebaruhaz.hu\/index.php?rest_route=%2Fwp%2Fv2%2Fproduct_cat&post=3933"},{"taxonomy":"product_tag","embeddable":true,"href":"https:\/\/kisskerteszetwebaruhaz.hu\/index.php?rest_route=%2Fwp%2Fv2%2Fproduct_tag&post=3933"}],"curies":[{"name":"wp","href":"https:\/\/api.w.org\/{rel}","templated":true}]}}