{"id":1923,"date":"2023-08-11T13:01:20","date_gmt":"2023-08-11T13:01:20","guid":{"rendered":"https:\/\/kisskerteszetwebaruhaz.hu\/?post_type=product&#038;p=1923"},"modified":"2025-08-30T15:57:12","modified_gmt":"2025-08-30T15:57:12","slug":"euonymus-japonicus-albomarginatus-feher-tarka-japan-kecskerago","status":"publish","type":"product","link":"https:\/\/kisskerteszetwebaruhaz.hu\/?product=euonymus-japonicus-albomarginatus-feher-tarka-japan-kecskerago","title":{"rendered":"Euonymus japonicus &#8216;Albomarginatus&#8217;\/Feh\u00e9r-tarka jap\u00e1n kecsker\u00e1g\u00f3"},"content":{"rendered":"","protected":false},"excerpt":{"rendered":"<p>A tarka level\u0171\u00a0 jap\u00e1n kecsker\u00e1g\u00f3 1-1,5 m\u00e9terre megn\u00f6v\u0151, \u00f6r\u00f6kz\u00f6ld cserje.<\/p>\n<p>Levelei feh\u00e9ren szeg\u00e9lyezettek.<\/p>\n<p>Ny\u00e1r elej\u00e9n, j\u00faniusban vir\u00e1gzik, term\u00e9sei jelent\u00e9ktelenek.<\/p>\n<p>K\u00f6zepes v\u00edzig\u00e9ny\u0171, k\u00fcl\u00f6n\u00f6sebb gondoz\u00e1st nem ig\u00e9nyel.<\/p>\n<p>El\u00e9rhet\u0151: K5 literes kont\u00e9nerben, 30\/50 cm magass\u00e1gban.<\/p>\n<p> <a class=\"more-link\" href=\"https:\/\/kisskerteszetwebaruhaz.hu\/?product=euonymus-japonicus-albomarginatus-feher-tarka-japan-kecskerago\">B\u0151vebben<\/a><\/p>","protected":false},"featured_media":1925,"comment_status":"open","ping_status":"closed","template":"","meta":[],"product_brand":[],"product_cat":[15,38,20],"product_tag":[],"class_list":{"0":"post-1923","1":"product","2":"type-product","3":"status-publish","4":"has-post-thumbnail","6":"product_cat-akcio","7":"product_cat-cserjek","8":"product_cat-orokzoldek","10":"first","11":"instock","12":"shipping-taxable","13":"purchasable","14":"product-type-simple"},"_links":{"self":[{"href":"https:\/\/kisskerteszetwebaruhaz.hu\/index.php?rest_route=\/wp\/v2\/product\/1923","targetHints":{"allow":["GET"]}}],"collection":[{"href":"https:\/\/kisskerteszetwebaruhaz.hu\/index.php?rest_route=\/wp\/v2\/product"}],"about":[{"href":"https:\/\/kisskerteszetwebaruhaz.hu\/index.php?rest_route=\/wp\/v2\/types\/product"}],"replies":[{"embeddable":true,"href":"https:\/\/kisskerteszetwebaruhaz.hu\/index.php?rest_route=%2Fwp%2Fv2%2Fcomments&post=1923"}],"wp:featuredmedia":[{"embeddable":true,"href":"https:\/\/kisskerteszetwebaruhaz.hu\/index.php?rest_route=\/wp\/v2\/media\/1925"}],"wp:attachment":[{"href":"https:\/\/kisskerteszetwebaruhaz.hu\/index.php?rest_route=%2Fwp%2Fv2%2Fmedia&parent=1923"}],"wp:term":[{"taxonomy":"product_brand","embeddable":true,"href":"https:\/\/kisskerteszetwebaruhaz.hu\/index.php?rest_route=%2Fwp%2Fv2%2Fproduct_brand&post=1923"},{"taxonomy":"product_cat","embeddable":true,"href":"https:\/\/kisskerteszetwebaruhaz.hu\/index.php?rest_route=%2Fwp%2Fv2%2Fproduct_cat&post=1923"},{"taxonomy":"product_tag","embeddable":true,"href":"https:\/\/kisskerteszetwebaruhaz.hu\/index.php?rest_route=%2Fwp%2Fv2%2Fproduct_tag&post=1923"}],"curies":[{"name":"wp","href":"https:\/\/api.w.org\/{rel}","templated":true}]}}