{"id":1146,"date":"2022-09-18T21:51:11","date_gmt":"2022-09-18T21:51:11","guid":{"rendered":"https:\/\/kisskerteszetwebaruhaz.hu\/?post_type=product&#038;p=1146"},"modified":"2024-08-29T07:10:41","modified_gmt":"2024-08-29T07:10:41","slug":"csungo-japanakac-sophora-japonica-pendula","status":"publish","type":"product","link":"https:\/\/kisskerteszetwebaruhaz.hu\/?product=csungo-japanakac-sophora-japonica-pendula","title":{"rendered":"Cs\u00fcng\u0151 jap\u00e1nak\u00e1c -Sophora japonica &#8216;Pendula&#8217;"},"content":{"rendered":"<p>A k\u00e9pen l\u00e1that\u00f3 n\u00f6v\u00e9nyek t\u00e1j\u00e9koztat\u00f3 jelleg\u0171ek. Amennyiben nem biztos abban, hogy n\u00e9z ki az adott n\u00f6v\u00e9ny, vagy szeretn\u00e9 l\u00e1tni a kiv\u00e1lasztott n\u00f6v\u00e9nyt jelenlegi \u00e1llapot\u00e1ban \u00edrjon nek\u00fcnk \u00e9s k\u00fcld\u00fcnk k\u00e9pet a n\u00f6v\u00e9nyr\u0151l.<\/p>\n<p><em>\u00a0<\/em><\/p>\n","protected":false},"excerpt":{"rendered":"<p><strong>N\u00f6veked\u00e9s, alak:<\/strong> 140\/150 cm-en t\u00f6rzsre oltott, boltozatos koron\u00e1j\u00fa, cs\u00fcng\u0151 \u00e1grendszer\u0171 d\u00edszfa<\/p>\n<p><strong>Lev\u00e9l: hossz\u00fa, <\/strong>f\u00e9nyes-z\u00f6ld<strong><br \/>\n<\/strong><\/p>\n<p><strong>Ig\u00e9ny: <\/strong>Talajjal szemben nem v\u00e1logat,\u00a0 meleg \u00e9s f\u00e9nykedvel\u0151, v\u00e1rost\u0171r\u0151<strong><br \/>\n<\/strong><\/p>\n<p><strong>Felhaszn\u00e1l\u00e1sa:<\/strong> szoliterk\u00e9nt, utca frontra, v\u00e1rost\u0171r\u0151<\/p>\n<p>El\u00e9rhet\u0151:<\/p>\n<p>K15 literes kont\u00e9nerben, 140\/150 cm-en oltott magass\u00e1gban<\/p>\n<p> <a class=\"more-link\" href=\"https:\/\/kisskerteszetwebaruhaz.hu\/?product=csungo-japanakac-sophora-japonica-pendula\">B\u0151vebben<\/a><\/p>","protected":false},"featured_media":1147,"comment_status":"open","ping_status":"closed","template":"","meta":[],"product_brand":[],"product_cat":[21],"product_tag":[],"class_list":{"0":"post-1146","1":"product","2":"type-product","3":"status-publish","4":"has-post-thumbnail","6":"product_cat-fak","8":"first","9":"outofstock","10":"shipping-taxable","11":"purchasable","12":"product-type-simple"},"_links":{"self":[{"href":"https:\/\/kisskerteszetwebaruhaz.hu\/index.php?rest_route=\/wp\/v2\/product\/1146","targetHints":{"allow":["GET"]}}],"collection":[{"href":"https:\/\/kisskerteszetwebaruhaz.hu\/index.php?rest_route=\/wp\/v2\/product"}],"about":[{"href":"https:\/\/kisskerteszetwebaruhaz.hu\/index.php?rest_route=\/wp\/v2\/types\/product"}],"replies":[{"embeddable":true,"href":"https:\/\/kisskerteszetwebaruhaz.hu\/index.php?rest_route=%2Fwp%2Fv2%2Fcomments&post=1146"}],"wp:featuredmedia":[{"embeddable":true,"href":"https:\/\/kisskerteszetwebaruhaz.hu\/index.php?rest_route=\/wp\/v2\/media\/1147"}],"wp:attachment":[{"href":"https:\/\/kisskerteszetwebaruhaz.hu\/index.php?rest_route=%2Fwp%2Fv2%2Fmedia&parent=1146"}],"wp:term":[{"taxonomy":"product_brand","embeddable":true,"href":"https:\/\/kisskerteszetwebaruhaz.hu\/index.php?rest_route=%2Fwp%2Fv2%2Fproduct_brand&post=1146"},{"taxonomy":"product_cat","embeddable":true,"href":"https:\/\/kisskerteszetwebaruhaz.hu\/index.php?rest_route=%2Fwp%2Fv2%2Fproduct_cat&post=1146"},{"taxonomy":"product_tag","embeddable":true,"href":"https:\/\/kisskerteszetwebaruhaz.hu\/index.php?rest_route=%2Fwp%2Fv2%2Fproduct_tag&post=1146"}],"curies":[{"name":"wp","href":"https:\/\/api.w.org\/{rel}","templated":true}]}}