{"id":14,"date":"2022-05-28T13:31:57","date_gmt":"2022-05-28T13:31:57","guid":{"rendered":"https:\/\/kisskerteszetwebaruhaz.hu\/?page_id=14"},"modified":"2026-02-18T18:26:50","modified_gmt":"2026-02-18T18:26:50","slug":"kiss-kerteszet-webaruhaz","status":"publish","type":"page","link":"https:\/\/kisskerteszetwebaruhaz.hu\/","title":{"rendered":"\u00dcdv\u00f6z\u00f6lj\u00fck a Kiss Kert\u00e9szet Web\u00e1ruh\u00e1z\u00e1ban"},"content":{"rendered":"\t\t<div data-elementor-type=\"wp-page\" data-elementor-id=\"14\" class=\"elementor elementor-14\">\n\t\t\t\t\t\t<section class=\"elementor-section elementor-top-section elementor-element elementor-element-cf4f82f elementor-section-full_width elementor-section-height-default elementor-section-height-default\" data-id=\"cf4f82f\" data-element_type=\"section\" data-settings=\"{&quot;background_background&quot;:&quot;video&quot;,&quot;background_video_link&quot;:&quot;https:\\\/\\\/kisskerteszetwebaruhaz.hu\\\/wp-content\\\/uploads\\\/2025\\\/08\\\/flower01.mp4&quot;,&quot;background_video_start&quot;:32,&quot;background_video_end&quot;:600,&quot;background_play_on_mobile&quot;:&quot;yes&quot;}\">\n\t\t\t\t\t\t\t\t<div class=\"elementor-background-video-container\" aria-hidden=\"true\">\n\t\t\t\t\t\t\t\t\t\t\t\t\t<video class=\"elementor-background-video-hosted\" autoplay muted playsinline loop><\/video>\n\t\t\t\t\t\t\t\t\t\t\t<\/div>\n\t\t\t\t\t\t\t\t<div class=\"elementor-container elementor-column-gap-default\">\n\t\t\t\t\t<div class=\"elementor-column elementor-col-50 elementor-top-column elementor-element elementor-element-2bffcaf\" data-id=\"2bffcaf\" data-element_type=\"column\">\n\t\t\t<div class=\"elementor-widget-wrap elementor-element-populated\">\n\t\t\t\t\t\t<div class=\"elementor-element elementor-element-807d0e1 e-transform e-transform elementor-widget elementor-widget-image\" data-id=\"807d0e1\" data-element_type=\"widget\" data-settings=\"{&quot;_transform_scale_effect&quot;:{&quot;unit&quot;:&quot;px&quot;,&quot;size&quot;:1,&quot;sizes&quot;:[]},&quot;_transform_scale_effect_hover&quot;:{&quot;unit&quot;:&quot;px&quot;,&quot;size&quot;:1.2,&quot;sizes&quot;:[]},&quot;_transform_scale_effect_tablet&quot;:{&quot;unit&quot;:&quot;px&quot;,&quot;size&quot;:&quot;&quot;,&quot;sizes&quot;:[]},&quot;_transform_scale_effect_mobile&quot;:{&quot;unit&quot;:&quot;px&quot;,&quot;size&quot;:&quot;&quot;,&quot;sizes&quot;:[]},&quot;_transform_scale_effect_hover_tablet&quot;:{&quot;unit&quot;:&quot;px&quot;,&quot;size&quot;:&quot;&quot;,&quot;sizes&quot;:[]},&quot;_transform_scale_effect_hover_mobile&quot;:{&quot;unit&quot;:&quot;px&quot;,&quot;size&quot;:&quot;&quot;,&quot;sizes&quot;:[]}}\" data-widget_type=\"image.default\">\n\t\t\t\t<div class=\"elementor-widget-container\">\n\t\t\t\t\t\t\t\t\t\t\t\t\t\t\t\t<a href=\"https:\/\/kisskerteszetwebaruhaz.hu\/?page_id=31\">\n\t\t\t\t\t\t\t<img fetchpriority=\"high\" decoding=\"async\" width=\"250\" height=\"300\" src=\"https:\/\/kisskerteszetwebaruhaz.hu\/wp-content\/uploads\/2022\/07\/kiss-disznoveny-1-copy-250x300.jpg\" class=\"attachment-medium size-medium wp-image-295 wp-post-image\" alt=\"\" srcset=\"https:\/\/kisskerteszetwebaruhaz.hu\/wp-content\/uploads\/2022\/07\/kiss-disznoveny-1-copy-250x300.jpg 250w, https:\/\/kisskerteszetwebaruhaz.hu\/wp-content\/uploads\/2022\/07\/kiss-disznoveny-1-copy-100x120.jpg 100w, https:\/\/kisskerteszetwebaruhaz.hu\/wp-content\/uploads\/2022\/07\/kiss-disznoveny-1-copy.jpg 394w\" sizes=\"(max-width: 250px) 100vw, 250px\" \/>\t\t\t\t\t\t\t\t<\/a>\n\t\t\t\t\t\t\t\t\t\t\t\t\t\t\t<\/div>\n\t\t\t\t<\/div>\n\t\t\t\t\t<\/div>\n\t\t<\/div>\n\t\t\t\t<div class=\"elementor-column elementor-col-50 elementor-top-column elementor-element elementor-element-d8ab244\" data-id=\"d8ab244\" data-element_type=\"column\">\n\t\t\t<div class=\"elementor-widget-wrap elementor-element-populated\">\n\t\t\t\t\t\t<div class=\"elementor-element elementor-element-70c0227 e-transform e-transform elementor-widget elementor-widget-image\" data-id=\"70c0227\" data-element_type=\"widget\" data-settings=\"{&quot;_transform_scale_effect&quot;:{&quot;unit&quot;:&quot;px&quot;,&quot;size&quot;:1,&quot;sizes&quot;:[]},&quot;_transform_scale_effect_hover&quot;:{&quot;unit&quot;:&quot;px&quot;,&quot;size&quot;:1.2,&quot;sizes&quot;:[]},&quot;_transform_scale_effect_tablet&quot;:{&quot;unit&quot;:&quot;px&quot;,&quot;size&quot;:&quot;&quot;,&quot;sizes&quot;:[]},&quot;_transform_scale_effect_mobile&quot;:{&quot;unit&quot;:&quot;px&quot;,&quot;size&quot;:&quot;&quot;,&quot;sizes&quot;:[]},&quot;_transform_scale_effect_hover_tablet&quot;:{&quot;unit&quot;:&quot;px&quot;,&quot;size&quot;:&quot;&quot;,&quot;sizes&quot;:[]},&quot;_transform_scale_effect_hover_mobile&quot;:{&quot;unit&quot;:&quot;px&quot;,&quot;size&quot;:&quot;&quot;,&quot;sizes&quot;:[]}}\" data-widget_type=\"image.default\">\n\t\t\t\t<div class=\"elementor-widget-container\">\n\t\t\t\t\t\t\t\t\t\t\t\t\t\t\t\t<a href=\"https:\/\/kisskerteszetwebaruhaz.hu\/?page_id=16\">\n\t\t\t\t\t\t\t<img decoding=\"async\" width=\"250\" height=\"300\" src=\"https:\/\/kisskerteszetwebaruhaz.hu\/wp-content\/uploads\/2022\/07\/kiss-kerteszet-fenyo-1-copy-250x300.jpg\" class=\"attachment-medium size-medium wp-image-296 wp-post-image\" alt=\"\" srcset=\"https:\/\/kisskerteszetwebaruhaz.hu\/wp-content\/uploads\/2022\/07\/kiss-kerteszet-fenyo-1-copy-250x300.jpg 250w, https:\/\/kisskerteszetwebaruhaz.hu\/wp-content\/uploads\/2022\/07\/kiss-kerteszet-fenyo-1-copy-100x120.jpg 100w, https:\/\/kisskerteszetwebaruhaz.hu\/wp-content\/uploads\/2022\/07\/kiss-kerteszet-fenyo-1-copy.jpg 394w\" sizes=\"(max-width: 250px) 100vw, 250px\" \/>\t\t\t\t\t\t\t\t<\/a>\n\t\t\t\t\t\t\t\t\t\t\t\t\t\t\t<\/div>\n\t\t\t\t<\/div>\n\t\t\t\t\t<\/div>\n\t\t<\/div>\n\t\t\t\t\t<\/div>\n\t\t<\/section>\n\t\t\t\t<section class=\"elementor-section elementor-top-section elementor-element elementor-element-11e9c60 elementor-section-boxed elementor-section-height-default elementor-section-height-default\" data-id=\"11e9c60\" data-element_type=\"section\">\n\t\t\t\t\t\t<div class=\"elementor-container elementor-column-gap-default\">\n\t\t\t\t\t<div class=\"elementor-column elementor-col-100 elementor-top-column elementor-element elementor-element-fdbabff\" data-id=\"fdbabff\" data-element_type=\"column\">\n\t\t\t<div class=\"elementor-widget-wrap elementor-element-populated\">\n\t\t\t\t\t\t<div class=\"elementor-element elementor-element-4f8286a elementor-widget elementor-widget-spacer\" data-id=\"4f8286a\" data-element_type=\"widget\" data-widget_type=\"spacer.default\">\n\t\t\t\t<div class=\"elementor-widget-container\">\n\t\t\t\t\t\t\t<div class=\"elementor-spacer\">\n\t\t\t<div class=\"elementor-spacer-inner\"><\/div>\n\t\t<\/div>\n\t\t\t\t\t\t<\/div>\n\t\t\t\t<\/div>\n\t\t\t\t<div class=\"elementor-element elementor-element-30905c8 elementor-widget-divider--view-line elementor-widget elementor-widget-divider\" data-id=\"30905c8\" data-element_type=\"widget\" data-widget_type=\"divider.default\">\n\t\t\t\t<div class=\"elementor-widget-container\">\n\t\t\t\t\t\t\t<div class=\"elementor-divider\">\n\t\t\t<span class=\"elementor-divider-separator\">\n\t\t\t\t\t\t<\/span>\n\t\t<\/div>\n\t\t\t\t\t\t<\/div>\n\t\t\t\t<\/div>\n\t\t\t\t<div class=\"elementor-element elementor-element-df21a4f elementor-widget elementor-widget-spacer\" data-id=\"df21a4f\" data-element_type=\"widget\" data-widget_type=\"spacer.default\">\n\t\t\t\t<div class=\"elementor-widget-container\">\n\t\t\t\t\t\t\t<div class=\"elementor-spacer\">\n\t\t\t<div class=\"elementor-spacer-inner\"><\/div>\n\t\t<\/div>\n\t\t\t\t\t\t<\/div>\n\t\t\t\t<\/div>\n\t\t\t\t<div class=\"elementor-element elementor-element-6ae94da elementor-widget elementor-widget-shortcode\" data-id=\"6ae94da\" data-element_type=\"widget\" data-widget_type=\"shortcode.default\">\n\t\t\t\t<div class=\"elementor-widget-container\">\n\t\t\t\t\t\t\t<div class=\"elementor-shortcode\"><div class=\"woocommerce columns-4 \"><ul class=\"products products_variant_under products_subvariant_center columns-4 button_over\" data-lazy-load=\"1\" data-lazy-load-mode=\"button\"><li class=\"product type-product post-4519 status-publish first instock product_cat-formanovenyek has-post-thumbnail shipping-taxable purchasable product-type-simple\">\n\t<a href=\"https:\/\/kisskerteszetwebaruhaz.hu\/?product=pinus-sylvestris-saxatilis-torpe-erdeifenyo-magastorzson\" class=\"woocommerce-LoopProduct-link woocommerce-loop-product__link\"><img decoding=\"async\" width=\"500\" height=\"500\" src=\"https:\/\/kisskerteszetwebaruhaz.hu\/wp-content\/uploads\/2025\/09\/Pinus-sylvestris-Saxatilis-\u2013-Torpe-erdeifenyo-500x500.jpg\" class=\"attachment-woocommerce_thumbnail size-woocommerce_thumbnail wp-post-image\" alt=\"Pinus sylvestris &#039;Saxatilis&#039; \u2013 T\u00f6rpe erdeifeny\u0151 magast\u00f6rzs\u00f6n\" srcset=\"https:\/\/kisskerteszetwebaruhaz.hu\/wp-content\/uploads\/2025\/09\/Pinus-sylvestris-Saxatilis-\u2013-Torpe-erdeifenyo-500x500.jpg 500w, https:\/\/kisskerteszetwebaruhaz.hu\/wp-content\/uploads\/2025\/09\/Pinus-sylvestris-Saxatilis-\u2013-Torpe-erdeifenyo-150x150.jpg 150w, https:\/\/kisskerteszetwebaruhaz.hu\/wp-content\/uploads\/2025\/09\/Pinus-sylvestris-Saxatilis-\u2013-Torpe-erdeifenyo-100x100.jpg 100w\" sizes=\"(max-width: 500px) 100vw, 500px\" \/><div class=\"product-details\"><span class=\"posted_in\">Forman\u00f6v\u00e9nyek<\/span><h2 class=\"woocommerce-loop-product__title\">Pinus sylvestris &#8216;Saxatilis&#8217; \u2013 T\u00f6rpe erdeifeny\u0151 magast\u00f6rzs\u00f6n<\/h2>\n\t<span class=\"price\"><span class=\"woocommerce-Price-amount amount\"><bdi>39,900&nbsp;<span class=\"woocommerce-Price-currencySymbol\">&#70;&#116;<\/span><\/bdi><\/span><\/span>\n<\/div><\/a><a href=\"https:\/\/kisskerteszetwebaruhaz.hu\/?add-to-cart=4519\" aria-describedby=\"woocommerce_loop_add_to_cart_link_describedby_4519\" data-quantity=\"1\" class=\"button product_type_simple add_to_cart_button ajax_add_to_cart\" data-product_id=\"4519\" data-product_sku=\"\" aria-label=\"Kos\u00e1rba: &ldquo;Pinus sylvestris &#039;Saxatilis&#039; \u2013 T\u00f6rpe erdeifeny\u0151 magast\u00f6rzs\u00f6n&rdquo;\" rel=\"nofollow\" data-success_message=\"&ldquo;Pinus sylvestris &#039;Saxatilis&#039; \u2013 T\u00f6rpe erdeifeny\u0151 magast\u00f6rzs\u00f6n&rdquo; has been added to your cart\" role=\"button\">Kos\u00e1rba teszem<\/a>\t<span id=\"woocommerce_loop_add_to_cart_link_describedby_4519\" class=\"screen-reader-text\">\n\t\t\t<\/span>\n<\/li>\n<li class=\"product type-product post-4917 status-publish instock product_cat-cserjek has-post-thumbnail shipping-taxable purchasable product-type-simple\">\n\t<a href=\"https:\/\/kisskerteszetwebaruhaz.hu\/?product=magnolia-star-wars\" class=\"woocommerce-LoopProduct-link woocommerce-loop-product__link\"><img loading=\"lazy\" decoding=\"async\" width=\"500\" height=\"500\" src=\"https:\/\/kisskerteszetwebaruhaz.hu\/wp-content\/uploads\/2026\/02\/starwars_profil-500x500.jpg\" class=\"attachment-woocommerce_thumbnail size-woocommerce_thumbnail wp-post-image\" alt=\"Magnolia &#039;Star wars&#039;\" srcset=\"https:\/\/kisskerteszetwebaruhaz.hu\/wp-content\/uploads\/2026\/02\/starwars_profil-500x500.jpg 500w, https:\/\/kisskerteszetwebaruhaz.hu\/wp-content\/uploads\/2026\/02\/starwars_profil-150x150.jpg 150w, https:\/\/kisskerteszetwebaruhaz.hu\/wp-content\/uploads\/2026\/02\/starwars_profil-100x100.jpg 100w\" sizes=\"(max-width: 500px) 100vw, 500px\" \/><div class=\"product-details\"><span class=\"posted_in\">Cserj\u00e9k<\/span><h2 class=\"woocommerce-loop-product__title\">Magnolia &#8216;Star wars&#8217;<\/h2>\n\t<span class=\"price\"><span class=\"woocommerce-Price-amount amount\"><bdi>25,500&nbsp;<span class=\"woocommerce-Price-currencySymbol\">&#70;&#116;<\/span><\/bdi><\/span><\/span>\n<\/div><\/a><a href=\"https:\/\/kisskerteszetwebaruhaz.hu\/?add-to-cart=4917\" aria-describedby=\"woocommerce_loop_add_to_cart_link_describedby_4917\" data-quantity=\"1\" class=\"button product_type_simple add_to_cart_button ajax_add_to_cart\" data-product_id=\"4917\" data-product_sku=\"\" aria-label=\"Kos\u00e1rba: &ldquo;Magnolia &#039;Star wars&#039;&rdquo;\" rel=\"nofollow\" data-success_message=\"&ldquo;Magnolia &#039;Star wars&#039;&rdquo; has been added to your cart\" role=\"button\">Kos\u00e1rba teszem<\/a>\t<span id=\"woocommerce_loop_add_to_cart_link_describedby_4917\" class=\"screen-reader-text\">\n\t\t\t<\/span>\n<\/li>\n<li class=\"product type-product post-3827 status-publish outofstock product_cat-fak has-post-thumbnail shipping-taxable purchasable product-type-simple\">\n\t<a href=\"https:\/\/kisskerteszetwebaruhaz.hu\/?product=gomb-szivarfa-catalpa-bignoniodes-nanak18\" class=\"woocommerce-LoopProduct-link woocommerce-loop-product__link\"><img loading=\"lazy\" decoding=\"async\" width=\"500\" height=\"500\" src=\"https:\/\/kisskerteszetwebaruhaz.hu\/wp-content\/uploads\/2022\/07\/gombszivar-500x500.jpg\" class=\"attachment-woocommerce_thumbnail size-woocommerce_thumbnail wp-post-image\" alt=\"G\u00f6mb szivarfa - Catalpa bignoniodes &quot;Nana&quot; T\u00f6rzsmagass\u00e1g:170cm\" srcset=\"https:\/\/kisskerteszetwebaruhaz.hu\/wp-content\/uploads\/2022\/07\/gombszivar-500x500.jpg 500w, https:\/\/kisskerteszetwebaruhaz.hu\/wp-content\/uploads\/2022\/07\/gombszivar-100x100.jpg 100w, https:\/\/kisskerteszetwebaruhaz.hu\/wp-content\/uploads\/2022\/07\/gombszivar-150x150.jpg 150w\" sizes=\"(max-width: 500px) 100vw, 500px\" \/><div class=\"product-labels\"><span class=\"ribbon out-of-stock\"><em>Nincs k\u00e9szleten<\/em><\/span><\/div><div class=\"product-details\"><span class=\"posted_in\">F\u00e1k<\/span><h2 class=\"woocommerce-loop-product__title\">G\u00f6mb szivarfa &#8211; Catalpa bignoniodes &#8222;Nana&#8221; T\u00f6rzsmagass\u00e1g:170cm<\/h2>\n\t<span class=\"price\"><span class=\"woocommerce-Price-amount amount\"><bdi>29,900&nbsp;<span class=\"woocommerce-Price-currencySymbol\">&#70;&#116;<\/span><\/bdi><\/span><\/span>\n<\/div><\/a><a href=\"https:\/\/kisskerteszetwebaruhaz.hu\/?product=gomb-szivarfa-catalpa-bignoniodes-nanak18\" aria-describedby=\"woocommerce_loop_add_to_cart_link_describedby_3827\" data-quantity=\"1\" class=\"button product_type_simple\" data-product_id=\"3827\" data-product_sku=\"\" aria-label=\"&ldquo;G\u00f6mb szivarfa - Catalpa bignoniodes &quot;Nana&quot; T\u00f6rzsmagass\u00e1g:170cm&rdquo; term\u00e9kr\u0151l t\u00f6bb inform\u00e1ci\u00f3\" rel=\"nofollow\" data-success_message=\"\">Tov\u00e1bb olvasom<\/a>\t<span id=\"woocommerce_loop_add_to_cart_link_describedby_3827\" class=\"screen-reader-text\">\n\t\t\t<\/span>\n<\/li>\n<li class=\"product type-product post-2940 status-publish last instock product_cat-akcio product_cat-mediterran-novenyek has-post-thumbnail shipping-taxable purchasable product-type-simple\">\n\t<a href=\"https:\/\/kisskerteszetwebaruhaz.hu\/?product=kinai-kenderpalma-chamaerops-excelsa-trachycarpus-fortunei-k5\" class=\"woocommerce-LoopProduct-link woocommerce-loop-product__link\"><img loading=\"lazy\" decoding=\"async\" width=\"500\" height=\"500\" src=\"https:\/\/kisskerteszetwebaruhaz.hu\/wp-content\/uploads\/2024\/03\/Kinai-kender-500x500.jpg\" class=\"attachment-woocommerce_thumbnail size-woocommerce_thumbnail wp-post-image\" alt=\"K\u00ednai Kenderp\u00e1lma - &quot;Chamaerops Excelsa\/Trachycarpus fortunei&quot; K3 30\/40cm\" srcset=\"https:\/\/kisskerteszetwebaruhaz.hu\/wp-content\/uploads\/2024\/03\/Kinai-kender-500x500.jpg 500w, https:\/\/kisskerteszetwebaruhaz.hu\/wp-content\/uploads\/2024\/03\/Kinai-kender-150x150.jpg 150w, https:\/\/kisskerteszetwebaruhaz.hu\/wp-content\/uploads\/2024\/03\/Kinai-kender-100x100.jpg 100w\" sizes=\"(max-width: 500px) 100vw, 500px\" \/><div class=\"product-details\"><span class=\"posted_in\">Akci\u00f3<span class=\"sep\">\/<\/span>Mediterr\u00e1n n\u00f6v\u00e9nyek<\/span><h2 class=\"woocommerce-loop-product__title\">K\u00ednai Kenderp\u00e1lma &#8211; &#8222;Chamaerops Excelsa\/Trachycarpus fortunei&#8221; K3 30\/40cm<\/h2>\n\t<span class=\"price\"><span class=\"woocommerce-Price-amount amount\"><bdi>7,990&nbsp;<span class=\"woocommerce-Price-currencySymbol\">&#70;&#116;<\/span><\/bdi><\/span><\/span>\n<\/div><\/a><a href=\"https:\/\/kisskerteszetwebaruhaz.hu\/?add-to-cart=2940\" aria-describedby=\"woocommerce_loop_add_to_cart_link_describedby_2940\" data-quantity=\"1\" class=\"button product_type_simple add_to_cart_button ajax_add_to_cart\" data-product_id=\"2940\" data-product_sku=\"\" aria-label=\"Kos\u00e1rba: &ldquo;K\u00ednai Kenderp\u00e1lma - &quot;Chamaerops Excelsa\/Trachycarpus fortunei&quot; K3 30\/40cm&rdquo;\" rel=\"nofollow\" data-success_message=\"&ldquo;K\u00ednai Kenderp\u00e1lma - &quot;Chamaerops Excelsa\/Trachycarpus fortunei&quot; K3 30\/40cm&rdquo; has been added to your cart\" role=\"button\">Kos\u00e1rba teszem<\/a>\t<span id=\"woocommerce_loop_add_to_cart_link_describedby_2940\" class=\"screen-reader-text\">\n\t\t\t<\/span>\n<\/li>\n<\/ul>\n<\/div><\/div>\n\t\t\t\t\t\t<\/div>\n\t\t\t\t<\/div>\n\t\t\t\t\t<\/div>\n\t\t<\/div>\n\t\t\t\t\t<\/div>\n\t\t<\/section>\n\t\t\t\t<section class=\"elementor-section elementor-top-section elementor-element elementor-element-2c8a092c elementor-section-height-min-height elementor-reverse-tablet elementor-reverse-mobile elementor-section-boxed elementor-section-height-default elementor-section-items-middle\" data-id=\"2c8a092c\" data-element_type=\"section\" data-settings=\"{&quot;background_background&quot;:&quot;slideshow&quot;,&quot;background_slideshow_gallery&quot;:[{&quot;id&quot;:4747,&quot;url&quot;:&quot;https:\\\/\\\/kisskerteszetwebaruhaz.hu\\\/wp-content\\\/uploads\\\/2026\\\/02\\\/1-photo-1-fullsize_jpg.jpg&quot;}],&quot;background_slideshow_loop&quot;:&quot;yes&quot;,&quot;background_slideshow_slide_duration&quot;:5000,&quot;background_slideshow_slide_transition&quot;:&quot;fade&quot;,&quot;background_slideshow_transition_duration&quot;:500}\">\n\t\t\t\t\t\t<div class=\"elementor-container elementor-column-gap-default\">\n\t\t\t\t\t<div class=\"elementor-column elementor-col-50 elementor-top-column elementor-element elementor-element-12af76bc\" data-id=\"12af76bc\" data-element_type=\"column\" data-settings=\"{&quot;background_background&quot;:&quot;classic&quot;}\">\n\t\t\t<div class=\"elementor-widget-wrap elementor-element-populated\">\n\t\t\t\t\t\t<div class=\"elementor-element elementor-element-49e3b4e2 elementor-widget elementor-widget-text-editor\" data-id=\"49e3b4e2\" data-element_type=\"widget\" data-widget_type=\"text-editor.default\">\n\t\t\t\t<div class=\"elementor-widget-container\">\n\t\t\t\t\t\t\t\t\t<p><a href=\"https:\/\/kertepites-pecs.hu\/hu\">Kert\u00e9p\u00edt\u00e9ssel kapcsolatban vegye fel a kapcsolatot profi partner\u00fcnkkel<\/a><\/p>\t\t\t\t\t\t\t\t<\/div>\n\t\t\t\t<\/div>\n\t\t\t\t\t<\/div>\n\t\t<\/div>\n\t\t\t\t<div class=\"elementor-column elementor-col-50 elementor-top-column elementor-element elementor-element-277997d\" data-id=\"277997d\" data-element_type=\"column\">\n\t\t\t<div class=\"elementor-widget-wrap elementor-element-populated\">\n\t\t\t\t\t\t<div class=\"elementor-element elementor-element-2754c424 elementor-widget elementor-widget-image\" data-id=\"2754c424\" data-element_type=\"widget\" data-widget_type=\"image.default\">\n\t\t\t\t<div class=\"elementor-widget-container\">\n\t\t\t\t\t\t\t\t\t\t\t\t\t\t\t\t<a href=\"https:\/\/kertepites-pecs.hu\/hu\">\n\t\t\t\t\t\t\t<img loading=\"lazy\" decoding=\"async\" width=\"627\" height=\"197\" src=\"https:\/\/kisskerteszetwebaruhaz.hu\/wp-content\/uploads\/2026\/02\/Kepernyokep-2026-02-14-141947.png\" class=\"attachment-large size-large wp-image-4748 wp-post-image\" alt=\"\" srcset=\"https:\/\/kisskerteszetwebaruhaz.hu\/wp-content\/uploads\/2026\/02\/Kepernyokep-2026-02-14-141947.png 627w, https:\/\/kisskerteszetwebaruhaz.hu\/wp-content\/uploads\/2026\/02\/Kepernyokep-2026-02-14-141947-300x94.png 300w, https:\/\/kisskerteszetwebaruhaz.hu\/wp-content\/uploads\/2026\/02\/Kepernyokep-2026-02-14-141947-24x8.png 24w, https:\/\/kisskerteszetwebaruhaz.hu\/wp-content\/uploads\/2026\/02\/Kepernyokep-2026-02-14-141947-36x11.png 36w, https:\/\/kisskerteszetwebaruhaz.hu\/wp-content\/uploads\/2026\/02\/Kepernyokep-2026-02-14-141947-48x15.png 48w\" sizes=\"(max-width: 627px) 100vw, 627px\" \/>\t\t\t\t\t\t\t\t<\/a>\n\t\t\t\t\t\t\t\t\t\t\t\t\t\t\t<\/div>\n\t\t\t\t<\/div>\n\t\t\t\t\t<\/div>\n\t\t<\/div>\n\t\t\t\t\t<\/div>\n\t\t<\/section>\n\t\t\t\t<\/div>\n\t\t","protected":false},"excerpt":{"rendered":"<p>Kert\u00e9p\u00edt\u00e9ssel kapcsolatban vegye fel a kapcsolatot profi partner\u00fcnkkel<\/p>\n","protected":false},"author":1,"featured_media":0,"parent":0,"menu_order":0,"comment_status":"closed","ping_status":"closed","template":"","meta":{"footnotes":""},"class_list":["post-14","page","type-page","status-publish"],"_links":{"self":[{"href":"https:\/\/kisskerteszetwebaruhaz.hu\/index.php?rest_route=\/wp\/v2\/pages\/14","targetHints":{"allow":["GET"]}}],"collection":[{"href":"https:\/\/kisskerteszetwebaruhaz.hu\/index.php?rest_route=\/wp\/v2\/pages"}],"about":[{"href":"https:\/\/kisskerteszetwebaruhaz.hu\/index.php?rest_route=\/wp\/v2\/types\/page"}],"author":[{"embeddable":true,"href":"https:\/\/kisskerteszetwebaruhaz.hu\/index.php?rest_route=\/wp\/v2\/users\/1"}],"replies":[{"embeddable":true,"href":"https:\/\/kisskerteszetwebaruhaz.hu\/index.php?rest_route=%2Fwp%2Fv2%2Fcomments&post=14"}],"version-history":[{"count":145,"href":"https:\/\/kisskerteszetwebaruhaz.hu\/index.php?rest_route=\/wp\/v2\/pages\/14\/revisions"}],"predecessor-version":[{"id":4831,"href":"https:\/\/kisskerteszetwebaruhaz.hu\/index.php?rest_route=\/wp\/v2\/pages\/14\/revisions\/4831"}],"wp:attachment":[{"href":"https:\/\/kisskerteszetwebaruhaz.hu\/index.php?rest_route=%2Fwp%2Fv2%2Fmedia&parent=14"}],"curies":[{"name":"wp","href":"https:\/\/api.w.org\/{rel}","templated":true}]}}